 - c + 545 = 0. Let o(h) = -18*h - 18. Let m be o(-3). What is the greatest common divisor of m and l?
18
Let h = -21333 - -21464. Calculate the greatest common factor of h and 37073.
131
Let m be (25/(-15))/((-7)/126). Calculate the greatest common divisor of 555 and m.
15
Suppose -2*w + 1989 = -3*c, 166*w - 5*c = 162*w + 3987. What is the highest common factor of 105 and w?
21
Let x = -59 - -51. Let g be ((-196)/7)/(-2 + (-12)/x). Calculate the greatest common divisor of g and 24.
8
Let p = 1095 + -1059. Suppose 11*k = 2353 + 2003. Calculate the greatest common factor of k and p.
36
Let a = -7867 - -9102. Calculate the highest common divisor of a and 195.
65
Let f be (973 - -7)*(-45)/(-225). Calculate the highest common factor of 1624 and f.
28
Let g be -216 + 383 + (-4)/(8/(-6)). What is the greatest common divisor of g and 15130?
170
Suppose 22*c - 297207 + 206287 = 327344. What is the greatest common divisor of 28 and c?
28
Let m = -511 + 715. Suppose 2*g - n - 101 = 0, -5*g + 54 = 3*n - m. What is the highest common factor of g and 17?
17
Let m = 13 + -6. Suppose -m*q = -8*q + 18. Suppose o - 24 = -5*l - 2, 0 = o - 3*l - 6. Calculate the highest common factor of o and q.
6
Let s(t) = -696*t - 2121. Let p be s(-6). What is the greatest common factor of 45 and p?
15
Suppose 0 - 44 = -4*z - 5*b, 5*z = 2*b + 88. Calculate the highest common factor of z and 1604.
4
Suppose -5*j = 4*n - 146, 25168*n + 13 = 25167*n - 4*j. Let k(a) = 17*a**2 + 5*a + 7. Let l be k(6). What is the greatest common divisor of n and l?
59
Suppose -3*s + 2*q + 23 = 4*q, 3*s - 13 = -4*q. Suppose 321 + 159 = 6*l. Let b = -3 + l. Calculate the highest common divisor of s and b.
11
Let n = -28 - -30. Suppose n*c - 2 = 6. Suppose 0 = -6*u + 2*u - 12, 5*u = c*i - 339. Calculate the highest common divisor of i and 9.
9
Suppose 5*a - 40 = 7*o - 2*o, -2*o + 5*a - 25 = 0. Let z be ((-8)/2)/((-10)/(-625)*o). What is the greatest common factor of 75 and z?
25
Let o(u) = -9*u - 55. Let h be o(-9). Suppose -82 = -h*v + 48. Calculate the highest common divisor of 5 and v.
5
Let h(k) = -4*k**3 + 47*k**2 + 18*k - 39. Let i be h(12). Suppose i*z = 27*z + 8268. What is the highest common factor of 26 and z?
26
Let q = -5085 - -5103. Calculate the greatest common divisor of q and 5094.
18
Suppose -6*c - 80 = -22*c. Suppose 0 = 31*a - c - 1049. Calculate the greatest common divisor of a and 2.
2
Let f(t) = t**2 + 8*t + 12. Let w be f(-7). Suppose y = -0 + w. Suppose 157 = 2*o + 5*i, 4*i - 3*i = y*o - 325. What is the highest common factor of o and 11?
11
Suppose 0*p - 5*p = 0, 5*n = 3*p + 480. Let w = -28 + n. What is the highest common factor of 272 and w?
68
Suppose -4*o + 3*j = -13417, 4*o = 11*o - 3*j - 23491. Calculate the highest common divisor of 584 and o.
146
Suppose f - 129 = -s, 650 = -3*s + 8*s + 4*f. Let w = -118 + s. Calculate the greatest common divisor of 64 and w.
16
Let p = -130 - -131. Let n be (10/(-4) + p)*(-24)/36. Let i be 2*n/6*-9 - -47. What is the highest common factor of i and 396?
44
Suppose 5*f = 3*x - 1218, 3*x - 3*f = 263 + 961. What is the greatest common divisor of x and 13837?
137
Let a(o) = o**3 - 26*o**2 + 33*o - 1372. Let t be a(28). Calculate the greatest common factor of 3680 and t.
160
Let w(x) = 11*x + 1767. Let o be w(14). What is the greatest common factor of 153 and o?
17
Let d(g) = g**2 - 12*g - 7. Let n be d(13). Suppose n*r + 20 = r, 0 = 5*u + 3*r - 53. Suppose 33 = 4*b - 435. What is the greatest common divisor of u and b?
13
Let r(h) = 26*h + 134 + 9*h + 1. Let o be r(5). What is the highest common divisor of 248 and o?
62
Suppose 67688 = 189*n - 3187. Calculate the highest common divisor of n and 1275.
75
Let m = -32 - -33. Suppose 5*z + 30 = 3*o - m, -23 = -4*o + 3*z. Let l be (o - -1) + 19/1. What is the greatest common divisor of l and 2?
2
Let t(w) = w**3 - 53*w**2 + 515*w + 77. Let k be t(42). Calculate the highest common divisor of 98 and k.
49
Let l(g) = 4*g**2 - 5*g - 3. Let i be l(5). Let k(s) = 503*s - 5982. Let r be k(12). What is the highest common factor of r and i?
18
Let o be (-10420)/(-12) - 0 - 20/15. Let i = 1246 - o. Let s = i - 163. Calculate the highest common factor of 12 and s.
12
Let i be (150/(-8) - -18) + 462/8. Calculate the highest common factor of i and 8569.
19
Let o(h) = 132*h**2 - 40*h + 122. Let s be o(3). Calculate the greatest common divisor of s and 1360.
170
Let g(i) = -i**3 - 31*i**2 + 145*i + 202. Let t be g(-35). Calculate the highest common divisor of 49356 and t.
27
Suppose -5*f + 180 = 9*z - 6*z, 3*z - 2*f - 222 = 0. Suppose 15*d = 8*d + 1078. Calculate the highest common factor of z and d.
14
Let i = -362 + 418. What is the highest common factor of i and 3388?
28
Let m = -7224 + 9618. What is the highest common divisor of m and 14?
14
Let m(z) = -3*z**3 - z - 1. Let d be m(-1). Let y be (16 + -2)*d/2. Let k = -682 + 787. What is the highest common divisor of y and k?
21
Let s be (3 - -298) + (0 - 1). Suppose -3*p + 23*p - s = 0. Calculate the greatest common factor of 120 and p.
15
Suppose 0*n + 4*n = 5*c + 1775, 0 = -n - c + 455. Suppose -5*k - 55 = -4*p, -85 = -5*p - 128*k + 133*k. Calculate the greatest common factor of n and p.
30
Suppose 3*k + 8*x = 5*x + 321, -9 = 3*x. Suppose -4*h - 3*j = -17, j + 0*j - 13 = -5*h. Suppose h*a + a = 66. Calculate the greatest common divisor of k and a.
22
Suppose 5*f - 66 - 219 = 0. Suppose -53*n = -624 - 383. What is the highest common factor of n and f?
19
Suppose 86*a - 24553 = -72*a - 6541. Calculate the highest common divisor of a and 18.
6
Let l(s) = -s**3 + 8*s**2 - 9*s - 21. Let u be l(6). Let r be (15/u)/(-3 + (-256)/(-88)). Calculate the greatest common factor of 15 and r.
5
Let r be (-4)/(-2)*(-1 + 5 + -3). Let n be r*7/((-84)/(-198)). Let d(w) = -34*w - 1. Let m be d(-1). Calculate the greatest common divisor of n and m.
33
Let d(q) = -8*q - 14. Let r be d(-8). Suppose 2*k - 120 = -r. Suppose -12*y + k = -637. Calculate the greatest common factor of 14 and y.
14
Let m(l) = -3*l + 6. Let z be m(-5). Let d(w) = w**3 - 21*w**2 + 5*w - 45. Let g be d(z). Calculate the highest common factor of 48 and g.
12
Let k(h) = 27*h**3 - h - 1. Let d be k(3). Suppose 0 = 78*i - 30*i - 1392. Calculate the highest common divisor of i and d.
29
Let b(i) = 152*i**2 + 106*i - 1. Let g be b(-12). Suppose 34*k = 69*k - g. What is the greatest common factor of k and 19?
19
Suppose -220*u + 44359 = 36048 - 57029. Let p be (11/3)/(3/(-9)). Let a be ((-17)/3)/(p/u). Calculate the highest common factor of 17 and a.
17
Suppose 3*x = 2*k - 232, k - 15*x + 10*x = 109. Let d = 209 - k. Calculate the highest common divisor of d and 330.
30
Let t(r) = r**3 - 19*r**2 - 111*r + 78. Let o be t(24). Let k(q) = q**3 + 7*q**2 - 8*q - 7. Let l be k(-7). What is the greatest common divisor of o and l?
49
Let o(l) = l**3 + 14*l**2 + 27*l - 37. Let a be o(-11). Suppose -d + 25 = -6. Let h = d - a. Calculate the highest common factor of 4 and h.
2
Suppose 2 = -r - 2*d + 253, -4*d = -2*r + 518. Suppose -22*i + 1027 - 367 = 0. What is the highest common divisor of i and r?
15
Suppose -4*f = -5*o + 33, -2*o + 5 = 2*f - 1. Let h be -2*2/f*(-62 - -79). Calculate the highest common divisor of h and 136.
34
Let c(d) = d**3 + 12*d**2 + 16*d - 7. Let u be c(-10). Let p be (-2)/(-15)*3*(-3 + u). What is the greatest common factor of p and 108?
12
Let t be (281 - 15)/7 + 10. Suppose 2*f + f - 18 = 0. Calculate the highest common factor of t and f.
6
Let i = 20755 - 20656. Suppose -h + 4*h = -4*o + 3, -h + 17 = -4*o. Suppose 0 = -h*k + 4*k + 11. Calculate the highest common factor of k and i.
11
Let n be (26/52)/((15/(-54))/(-5)). Suppose 2*b = -4*x + 410, n*x + 2 = 8*x. What is the greatest common factor of 11 and b?
11
Let r = 4761 + -4759. What is the greatest common factor of 193 and r?
1
Let m(x) = -40*x - 744. Let g be m(-30). Calculate the greatest common divisor of g and 9728.
152
Suppose 13*m = 3*m + 1000. Let d be -21 + 34 + (-2 - -29). What is the highest common divisor of m and d?
20
Let s = 462 - 438. Suppose -31*d = -35*d + x + s, 2*d + 3*x = 12. What is the greatest common factor of d and 96?
6
Let c be 28/(-14) + (0 - 0). Let y be (3/c)/(6/(-140))*9. What is the greatest common di